[INFO] fetching crate raqote 0.8.0...
[INFO] checking raqote-0.8.0 against master#af3c6e733a40e671550e0f0f5aeecaa13772ba56 for pr-74989
[INFO] extracting crate raqote 0.8.0 into /workspace/builds/worker-6/source
[INFO] validating manifest of crates.io crate raqote 0.8.0 on toolchain af3c6e733a40e671550e0f0f5aeecaa13772ba56
[INFO] running `Command { std: "/workspace/cargo-home/bin/cargo" "+af3c6e733a40e671550e0f0f5aeecaa13772ba56" "read-manifest" "--manifest-path" "Cargo.toml", kill_on_drop: false }`
[INFO] started tweaking crates.io crate raqote 0.8.0
[INFO] finished tweaking crates.io crate raqote 0.8.0
[INFO] tweaked toml for crates.io crate raqote 0.8.0 written to /workspace/builds/worker-6/source/Cargo.toml
[INFO] crate crates.io crate raqote 0.8.0 already has a lockfile, it will not be regenerated
[INFO] running `Command { std: "/workspace/cargo-home/bin/cargo" "+af3c6e733a40e671550e0f0f5aeecaa13772ba56" "fetch" "--locked" "--manifest-path" "Cargo.toml", kill_on_drop: false }`
[INFO] [stderr]     Blocking waiting for file lock on package cache
[INFO] running `Command { std: "docker" "create" "-v" "/var/lib/crater-agent-workspace/builds/worker-6/target:/opt/rustwide/target:rw,Z" "-v" "/var/lib/crater-agent-workspace/builds/worker-6/source:/opt/rustwide/workdir:ro,Z" "-v" "/var/lib/crater-agent-workspace/cargo-home:/opt/rustwide/cargo-home:ro,Z" "-v" "/var/lib/crater-agent-workspace/rustup-home:/opt/rustwide/rustup-home:ro,Z" "-e" "SOURCE_DIR=/opt/rustwide/workdir" "-e" "CARGO_TARGET_DIR=/opt/rustwide/target" "-e" "CARGO_HOME=/opt/rustwide/cargo-home" "-e" "RUSTUP_HOME=/opt/rustwide/rustup-home" "-w" "/opt/rustwide/workdir" "-m" "1610612736" "--user" "0:0" "--network" "none" "rustops/crates-build-env@sha256:d92eaeed33fa75130ca1ee6c8a01d1ffb62bac859dfdfb3450e3e5d1c0146529" "/opt/rustwide/cargo-home/bin/cargo" "+af3c6e733a40e671550e0f0f5aeecaa13772ba56" "metadata" "--no-deps" "--format-version=1", kill_on_drop: false }`
[INFO] [stdout] 4e3d79da7cd1dd1353a415fe2ba3b32e54225b1e8ebde903383bb9d2ab41042b
[INFO] [stderr] WARNING: Your kernel does not support swap limit capabilities or the cgroup is not mounted. Memory limited without swap.
[INFO] running `Command { std: "docker" "start" "-a" "4e3d79da7cd1dd1353a415fe2ba3b32e54225b1e8ebde903383bb9d2ab41042b", kill_on_drop: false }`
[INFO] running `Command { std: "docker" "inspect" "4e3d79da7cd1dd1353a415fe2ba3b32e54225b1e8ebde903383bb9d2ab41042b", kill_on_drop: false }`
[INFO] running `Command { std: "docker" "rm" "-f" "4e3d79da7cd1dd1353a415fe2ba3b32e54225b1e8ebde903383bb9d2ab41042b", kill_on_drop: false }`
[INFO] [stdout] 4e3d79da7cd1dd1353a415fe2ba3b32e54225b1e8ebde903383bb9d2ab41042b
[INFO] running `Command { std: "docker" "create" "-v" "/var/lib/crater-agent-workspace/builds/worker-6/target:/opt/rustwide/target:rw,Z" "-v" "/var/lib/crater-agent-workspace/builds/worker-6/source:/opt/rustwide/workdir:ro,Z" "-v" "/var/lib/crater-agent-workspace/cargo-home:/opt/rustwide/cargo-home:ro,Z" "-v" "/var/lib/crater-agent-workspace/rustup-home:/opt/rustwide/rustup-home:ro,Z" "-e" "SOURCE_DIR=/opt/rustwide/workdir" "-e" "CARGO_TARGET_DIR=/opt/rustwide/target" "-e" "CARGO_INCREMENTAL=0" "-e" "RUST_BACKTRACE=full" "-e" "RUSTFLAGS=--cap-lints=forbid" "-e" "CARGO_HOME=/opt/rustwide/cargo-home" "-e" "RUSTUP_HOME=/opt/rustwide/rustup-home" "-w" "/opt/rustwide/workdir" "-m" "1610612736" "--user" "0:0" "--network" "none" "rustops/crates-build-env@sha256:d92eaeed33fa75130ca1ee6c8a01d1ffb62bac859dfdfb3450e3e5d1c0146529" "/opt/rustwide/cargo-home/bin/cargo" "+af3c6e733a40e671550e0f0f5aeecaa13772ba56" "check" "--frozen" "--all" "--all-targets" "--message-format=json", kill_on_drop: false }`
[INFO] [stdout] 730b4be68969cf337bfd53b303a0eb3db24bd8c26d68884be59ecc21eda59142
[INFO] [stderr] WARNING: Your kernel does not support swap limit capabilities or the cgroup is not mounted. Memory limited without swap.
[INFO] running `Command { std: "docker" "start" "-a" "730b4be68969cf337bfd53b303a0eb3db24bd8c26d68884be59ecc21eda59142", kill_on_drop: false }`
[INFO] [stderr]    Compiling pkg-config v0.3.0
[INFO] [stderr]    Compiling cmake v0.1.0
[INFO] [stderr]    Compiling make-cmd v0.1.0
[INFO] [stderr]     Checking cfg-if v0.1.2
[INFO] [stderr]     Checking libc v0.2.0
[INFO] [stderr]     Checking byteorder v1.2.0
[INFO] [stderr]     Checking adler32 v1.0.2
[INFO] [stderr]     Checking same-file v1.0.0
[INFO] [stderr]     Checking num-traits v0.2.0
[INFO] [stderr]     Checking bitflags v1.0.0
[INFO] [stderr]     Checking arrayvec v0.5.0
[INFO] [stderr]     Checking float-ord v0.2.0
[INFO] [stderr]     Checking sw-composite v0.7.10
[INFO] [stderr]     Checking typed-arena v2.0.0
[INFO] [stdout] error[E0432]: unresolved import `std::fs::PathExt`
[INFO] [stdout]   --> /opt/rustwide/cargo-home/registry/src/github.com-1ecc6299db9ec823/pkg-config-0.3.0/src/lib.rs:60:5
[INFO] [stdout]    |
[INFO] [stdout] 60 | use std::fs::PathExt;
[INFO] [stdout]    |     ^^^^^^^^^^^^^^^^ no `PathExt` in `fs`
[INFO] [stdout] 
[INFO] [stdout] 
[INFO] [stderr]    Compiling semver v0.6.0
[INFO] [stderr]     Checking log v0.4.0
[INFO] [stderr]     Checking crc32fast v1.2.0
[INFO] [stderr]     Checking inflate v0.4.2
[INFO] [stdout] error[E0061]: this function takes 0 arguments but 1 argument was supplied
[INFO] [stdout]    --> /opt/rustwide/cargo-home/registry/src/github.com-1ecc6299db9ec823/pkg-config-0.3.0/src/lib.rs:170:27
[INFO] [stdout]     |
[INFO] [stdout] 170 |                 dirs.push(PathBuf::new(val));
[INFO] [stdout]     |                           ^^^^^^^^^^^^ --- supplied 1 argument
[INFO] [stdout]     |                           |
[INFO] [stdout]     |                           expected 0 arguments
[INFO] [stdout] 
[INFO] [stdout] 
[INFO] [stdout] error[E0061]: this function takes 0 arguments but 1 argument was supplied
[INFO] [stdout]    --> /opt/rustwide/cargo-home/registry/src/github.com-1ecc6299db9ec823/pkg-config-0.3.0/src/lib.rs:171:37
[INFO] [stdout]     |
[INFO] [stdout] 171 |                 ret.link_paths.push(PathBuf::new(val));
[INFO] [stdout]     |                                     ^^^^^^^^^^^^ --- supplied 1 argument
[INFO] [stdout]     |                                     |
[INFO] [stdout]     |                                     expected 0 arguments
[INFO] [stdout] 
[INFO] [stdout] 
[INFO] [stdout] error[E0061]: this function takes 0 arguments but 1 argument was supplied
[INFO] [stdout]    --> /opt/rustwide/cargo-home/registry/src/github.com-1ecc6299db9ec823/pkg-config-0.3.0/src/lib.rs:174:42
[INFO] [stdout]     |
[INFO] [stdout] 174 |                 ret.framework_paths.push(PathBuf::new(val));
[INFO] [stdout]     |                                          ^^^^^^^^^^^^ --- supplied 1 argument
[INFO] [stdout]     |                                          |
[INFO] [stdout]     |                                          expected 0 arguments
[INFO] [stdout] 
[INFO] [stdout] 
[INFO] [stdout] error[E0061]: this function takes 0 arguments but 1 argument was supplied
[INFO] [stdout]    --> /opt/rustwide/cargo-home/registry/src/github.com-1ecc6299db9ec823/pkg-config-0.3.0/src/lib.rs:176:40
[INFO] [stdout]     |
[INFO] [stdout] 176 |                 ret.include_paths.push(PathBuf::new(val));
[INFO] [stdout]     |                                        ^^^^^^^^^^^^ --- supplied 1 argument
[INFO] [stdout]     |                                        |
[INFO] [stdout]     |                                        expected 0 arguments
[INFO] [stdout] 
[INFO] [stdout] 
[INFO] [stdout] error[E0369]: binary operation `==` cannot be applied to type `ToUppercase`
[INFO] [stdout]    --> /opt/rustwide/cargo-home/registry/src/github.com-1ecc6299db9ec823/pkg-config-0.3.0/src/lib.rs:218:57
[INFO] [stdout]     |
[INFO] [stdout] 218 |     name.chars().map(|c| c.to_uppercase()).map(|c| if c == '-' {'_'} else {c})
[INFO] [stdout]     |                                                       - ^^ --- char
[INFO] [stdout]     |                                                       |
[INFO] [stdout]     |                                                       ToUppercase
[INFO] [stdout] 
[INFO] [stdout] 
[INFO] [stderr]     Checking walkdir v2.1.0
[INFO] [stdout] error[E0308]: `if` and `else` have incompatible types
[INFO] [stdout]    --> /opt/rustwide/cargo-home/registry/src/github.com-1ecc6299db9ec823/pkg-config-0.3.0/src/lib.rs:218:76
[INFO] [stdout]     |
[INFO] [stdout] 218 |     name.chars().map(|c| c.to_uppercase()).map(|c| if c == '-' {'_'} else {c})
[INFO] [stdout]     |                                                                 ---        ^ expected `char`, found struct `ToUppercase`
[INFO] [stdout]     |                                                                 |
[INFO] [stdout]     |                                                                 expected because of this
[INFO] [stdout] 
[INFO] [stdout] 
[INFO] [stdout] error: aborting due to 7 previous errors
[INFO] [stdout] 
[INFO] [stdout] 
[INFO] [stdout] Some errors have detailed explanations: E0061, E0308, E0369, E0432.
[INFO] [stdout] 
[INFO] [stdout] For more information about an error, try `rustc --explain E0061`.
[INFO] [stdout] 
[INFO] [stderr] error: could not compile `pkg-config`.
[INFO] [stderr] 
[INFO] [stderr] To learn more, run the command again with --verbose.
[INFO] [stderr] warning: build failed, waiting for other jobs to finish...
[INFO] [stderr] error: build failed
[INFO] running `Command { std: "docker" "inspect" "730b4be68969cf337bfd53b303a0eb3db24bd8c26d68884be59ecc21eda59142", kill_on_drop: false }`
[INFO] running `Command { std: "docker" "rm" "-f" "730b4be68969cf337bfd53b303a0eb3db24bd8c26d68884be59ecc21eda59142", kill_on_drop: false }`
[INFO] [stdout] 730b4be68969cf337bfd53b303a0eb3db24bd8c26d68884be59ecc21eda59142
